{"id":25,"date":"2014-09-26T17:24:29","date_gmt":"2014-09-26T17:24:29","guid":{"rendered":"http:\/\/192.168.1.104\/enfold-photography\/?page_id=25"},"modified":"2024-05-06T09:31:39","modified_gmt":"2024-05-06T09:31:39","slug":"portfolio","status":"publish","type":"page","link":"https:\/\/www.aufildescordes-shibari.fr\/?page_id=25","title":{"rendered":"GALERIES- avertissement"},"content":{"rendered":"\n<style type=\"text\/css\" data-created_by=\"avia_inline_auto\" id=\"style-css-av-kv96mgtu-f3e9eef254bfba90953e7739559b097b\">\n.avia-section.av-kv96mgtu-f3e9eef254bfba90953e7739559b097b{\nbackground-color:#000000;\nbackground-image:unset;\n}\n<\/style>\n<div id='av_section_1'  class='avia-section av-kv96mgtu-f3e9eef254bfba90953e7739559b097b main_color avia-section-default avia-no-border-styling  avia-builder-el-0  avia-builder-el-no-sibling  avia-bg-style-scroll container_wrap fullsize'  ><div class='container av-section-cont-open' ><main  role=\"main\" itemprop=\"mainContentOfPage\"  class='template-page content  av-content-full alpha units'><div class='post-entry post-entry-type-page post-entry-25'><div class='entry-content-wrapper clearfix'>\n\n<style type=\"text\/css\" data-created_by=\"avia_inline_auto\" id=\"style-css-av-135a1-9e10075eb6cbf8830f3100b438ffaf6f\">\n#top .av-special-heading.av-135a1-9e10075eb6cbf8830f3100b438ffaf6f{\npadding-bottom:50px;\ncolor:#ffffff;\n}\nbody .av-special-heading.av-135a1-9e10075eb6cbf8830f3100b438ffaf6f .av-special-heading-tag .heading-char{\nfont-size:25px;\n}\n.av-special-heading.av-135a1-9e10075eb6cbf8830f3100b438ffaf6f .special-heading-inner-border{\nborder-color:#ffffff;\n}\n.av-special-heading.av-135a1-9e10075eb6cbf8830f3100b438ffaf6f .av-subheading{\nfont-size:15px;\n}\n<\/style>\n<div  class='av-special-heading av-135a1-9e10075eb6cbf8830f3100b438ffaf6f av-special-heading-h1 custom-color-heading blockquote elegant-quote elegant-centered  avia-builder-el-1  el_before_av_textblock  avia-builder-el-first '><h1 class='av-special-heading-tag '  itemprop=\"headline\"  ><span class=\"heading-wrap\">Galeries<\/span><\/h1><div class=\"special-heading-border\"><div class=\"special-heading-inner-border\"><\/div><\/div><\/div>\n<section  class='av_textblock_section av-lvtu5kxc-349f79e5ca4ea94dcec0593f9aa098e9 '   itemscope=\"itemscope\" itemtype=\"https:\/\/schema.org\/CreativeWork\" ><div class='avia_textblock'  itemprop=\"text\" ><h3 style=\"text-align: left;\"><span style=\"color: #800000;\"><strong><i class=\"fas fa-exclamation-triangle \" ><\/i> AVERTISSEMENT <\/strong><strong><i class=\"fas fa-exclamation-triangle \" ><\/i><\/strong><\/span><\/h3>\n<p style=\"text-align: left;\"><span style=\"color: #800000;\"><strong>Pour acc\u00e9der \u00e0 ces galeries :<br \/>\n&#8211; vous justifiez d\u2019avoir au moins 18 ans. Si vous n&rsquo;avez pas 18 ans r\u00e9volu, vous devez sortir du site internet imm\u00e9diatement et ne pas acc\u00e9der au site, ni t\u00e9l\u00e9charger ou imprimer son contenu, ni utiliser ce site.<br \/>\n&#8211; vous consentez de votre plein gr\u00e9 \u00e0 acc\u00e9der \u00e0 des contenus qui concernent la pratique du Shibari entre personnes adultes et consentantes.<\/strong><\/span><\/p>\n<\/div><\/section>\n<div  class='avia-button-wrap av-lvtvbmxb-6d3ef66586b45c1d3773cb16f91d893d-wrap avia-button-center  avia-builder-el-3  el_after_av_textblock  avia-builder-el-last '><a href='https:\/\/www.aufildescordes-shibari.fr\/?page_id=7942'  class='avia-button av-lvtvbmxb-6d3ef66586b45c1d3773cb16f91d893d av-link-btn avia-icon_select-no avia-size-small avia-position-center avia-color-theme-color'   aria-label=\"j\u2019ai 18 ans r\u00e9volu et je consens \u00e0 acc\u00e8der \u00e0 des galeries de Shibari\"><span class='avia_iconbox_title' >j\u2019ai 18 ans r\u00e9volu et je consens \u00e0 acc\u00e8der \u00e0 des galeries de Shibari<\/span><\/a><\/div>\n\n","protected":false},"excerpt":{"rendered":"","protected":false},"author":3,"featured_media":0,"parent":0,"menu_order":0,"comment_status":"closed","ping_status":"open","template":"","meta":{"_price":"","_stock":"","_tribe_ticket_header":"","_tribe_default_ticket_provider":"","_ticket_start_date":"","_ticket_end_date":"","_tribe_ticket_show_description":"","_tribe_ticket_show_not_going":false,"_tribe_ticket_use_global_stock":"","_tribe_ticket_global_stock_level":"","_global_stock_mode":"","_global_stock_cap":"","_tribe_rsvp_for_event":"","_tribe_ticket_going_count":"","_tribe_ticket_not_going_count":"","_tribe_tickets_list":"[]","_tribe_ticket_has_attendee_info_fields":false,"footnotes":"","_tec_slr_enabled":"","_tec_slr_layout":""},"class_list":["post-25","page","type-page","status-publish","hentry"],"ticketed":false,"_links":{"self":[{"href":"https:\/\/www.aufildescordes-shibari.fr\/index.php?rest_route=\/wp\/v2\/pages\/25","targetHints":{"allow":["GET"]}}],"collection":[{"href":"https:\/\/www.aufildescordes-shibari.fr\/index.php?rest_route=\/wp\/v2\/pages"}],"about":[{"href":"https:\/\/www.aufildescordes-shibari.fr\/index.php?rest_route=\/wp\/v2\/types\/page"}],"author":[{"embeddable":true,"href":"https:\/\/www.aufildescordes-shibari.fr\/index.php?rest_route=\/wp\/v2\/users\/3"}],"replies":[{"embeddable":true,"href":"https:\/\/www.aufildescordes-shibari.fr\/index.php?rest_route=%2Fwp%2Fv2%2Fcomments&post=25"}],"version-history":[{"count":141,"href":"https:\/\/www.aufildescordes-shibari.fr\/index.php?rest_route=\/wp\/v2\/pages\/25\/revisions"}],"predecessor-version":[{"id":7994,"href":"https:\/\/www.aufildescordes-shibari.fr\/index.php?rest_route=\/wp\/v2\/pages\/25\/revisions\/7994"}],"wp:attachment":[{"href":"https:\/\/www.aufildescordes-shibari.fr\/index.php?rest_route=%2Fwp%2Fv2%2Fmedia&parent=25"}],"curies":[{"name":"wp","href":"https:\/\/api.w.org\/{rel}","templated":true}]}}